h) be the third derivative of -h**4/24 - 5*h**3/6 - 24*h**2 - h. What is b(-6)?
1
Let f(v) = -16*v + 431. Let q(n) = n - 28. Let i(x) = f(x) + 15*q(x). Let m = 18 - 8. Calculate i(m).
1
Let a(g) be the first derivative of g**2 - 23 - 8*g**2 + 5*g + 8*g**2. Calculate a(4).
13
Let y(o) = o**3 + 3*o**2 - 1. Let i(m) = m**3 + m + 63. Let x be i(0). Let d = -65 + x. Determine y(d).
3
Let i(k) = 3*k**3 - 13*k**2 + 10*k - 19. Let p(j) = -j**3 + 4*j**2 - 3*j + 6. Let b(o) = -4*i(o) - 11*p(o). Suppose 0 = 2*w - 4*w + 14. What is b(w)?
10
Let d(q) = 2*q + 31. Let x = 421 - 434. Calculate d(x).
5
Suppose -5 + 21 = -l. Let m(x) = -x**2 - 16*x + 3. Let i be m(l). Let q(t) = -2*t + 13 + i*t - 6. Determine q(-8).
-1
Let l(m) = m**2 + 13*m + 11. Let s(q) = -2*q**2 - 14*q + 80. Let t be s(-11). What is l(t)?
-29
Let g(w) = -5*w**2 + w**3 + 9*w - 3 + 0*w + 0 - 4*w**2. What is g(8)?
5
Let p(n) be the second derivative of 5*n**3/6 - 4*n**2 - n + 93. Calculate p(0).
-8
Let y(q) = -4*q**2 - 5*q - 4. Suppose -90 = -118*o + 148*o. Determine y(o).
-25
Let f(p) = -p**3 + 5*p**2 + 5*p - 2. Let w be 8/(-16) - (-85)/2. Suppose o + w = 8*o. What is f(o)?
-8
Let f(i) = -i**2 + 8*i - 1. Let a(g) = -2*g**2 + 11*g. Let r(m) = 2*a(m) - 3*f(m). Determine r(-7).
-32
Let s(i) be the second derivative of -i**4/12 - i**3/6 - i**2 - 2*i. Let h(t) = -t**3 - 3*t**2 + 49*t - 48. Let v be h(-9). Give s(v).
-8
Let d(k) = -8*k - k + 5 + 12*k + 9 - 2*k. Determine d(4).
18
Let f(g) = -g**3 - 8*g**2 + 9*g - 2. Let a be f(-9). Let w be (11 - 7) + 1*a. Let b(y) = 4*y**3 - 5*y**3 - 3 - 5*y - 3*y**2 + w*y**3. Calculate b(4).
-7
Let f(u) = 4*u - 104. Suppose 0 = -3*z - 2*y + 75, 4*z - y - 88 = 23. Determine f(z).
4
Let j = 32 - 19. Suppose 4*f + 3*x = 12, 5*x = -f + j + 7. Let h(v) = 4 + 0 + 8 - 9 + v. What is h(f)?
3
Let l(k) = 2*k**2 - k - 3. Suppose -2*b = -4, 2*b = o + 3*b - 6. Let w be (21/35)/(o/(20*1)). Calculate l(w).
12
Let r = 8 - 8. Suppose -4*s + 2*q - 110 = r, -3*s - 14 = -2*s + 4*q. Let j = s - -28. Let u(i) = i**2 - 2*i + 1. Calculate u(j).
1
Let t(g) = -g**3 - 2*g**2 + 3*g - 2. Let h(j) be the first derivative of -j**3/3 - 2*j**2 - 6*j + 29. Let u be h(-3). Determine t(u).
-2
Suppose 159 = 52*q - 55*q. Let w = q + 60. Let c(a) = a**3 - 6*a**2 - 7*a + 4. Calculate c(w).
4
Let y(z) = 7*z**2 - 10*z + 17. Let u(b) = 3*b**2 - 5*b + 8. Let k(o) = -5*u(o) + 2*y(o). Let f = -35 + -7. Let r = -38 - f. Determine k(r).
-2
Let y be (-1)/(-2)*(-10)/1. Let h(x) be the second derivative of -x**3/6 + x**2/2 + 162*x. What is h(y)?
6
Let r be (312/20)/((-9)/(-30)). Suppose r = 14*l - l. Let y(m) = 3*m - 4. Calculate y(l).
8
Let o(c) = 6*c**2 + 7*c - 19. Let p(z) = z**2 + z + 1. Let y(r) = o(r) - 5*p(r). Give y(0).
-24
Let f(h) = h - 3. Let i be f(4). Let o(d) = -1 + 5 + 1 + d + i. Determine o(5).
11
Let j be (-8)/(-24)*(10 + 3 + -4). Let l(i) = -i**3 + i**2 + 4*i - 3. Give l(j).
-9
Let w(q) = 11*q**3 - 4*q**2 + 5*q + 2. Let g(s) = -13*s**3 + 3*s**2 - 4*s - 3. Let h(z) = 6*g(z) + 7*w(z). Calculate h(-11).
-4
Let f be (210 + -2)/(-13) - -20. Let u(z) = -5 - z**2 + 4*z + 0*z**2 + z. Determine u(f).
-1
Let s(t) = t**2 + 7*t + 1. Let m be (-2 + -2)*(-14)/8. Let b(p) = -m*p + 1 - 3*p + 6*p. Let v be b(2). Give s(v).
1
Suppose 3*b + 0*b = 0. Let w(g) be the second derivative of g**3/6 - 4*g**2 - 326*g. What is w(b)?
-8
Let j(v) = 0*v**2 - v**2 - 5*v + 2*v**2. Suppose -37*p + 62 = -86. Give j(p).
-4
Let x(c) = -2*c - 782 + 396 + 386. Let o = 1 + 0. Give x(o).
-2
Let u(o) = -2*o + 2. Let p(d) = 4*d + 7. Let c(w) = p(w) - u(w). What is c(-1)?
-1
Let l(w) = w + 6. Let c(j) = -j - 7. Suppose -q - 8 = -0*q. Let b be 55/(-25) - q/(-10). Let p(h) = b*l(h) - 2*c(h). What is p(0)?
-4
Suppose 2*v + 3*j - 13 = -3*v, -j = -1. Let u(g) = 8*g**v - 12*g**2 + 1 + 5 + 5*g + 3*g**2. What is u(7)?
-8
Let r = -6 + 16. Let b be r - 9 - (-1 + 2). Suppose 3*k = -b*k - 6. Let y(h) = -2*h**2 - 3*h. Give y(k).
-2
Let t(k) = k. Suppose -5*u = 20, 5*y + 2*u = y + 24. Give t(y).
8
Let t(h) = -3*h - 8. Let l be 10/4*(-3)/((-75)/(-40)). Determine t(l).
4
Let y = 15 + -11. Let p be 2/(-1 - (y - 3)). Let a(q) = -3 - q + q**2 - 12*q**3 + 2 + 0*q**3. Calculate a(p).
13
Let h be (-10 + 279/27)*33. Let s(r) = r**2 - 11*r - 5. Calculate s(h).
-5
Suppose 0 = 3*x - 4 - 5. Let s(l) = -14*l**3 - 2*l**2 - 6*l + 2. Let p be s(-4). Let d(f) = -f - f - 886 + p. Give d(x).
-2
Let i(n) = -n**3 - 5*n**2 - 4*n + 4. Suppose 0 = -36*o + 30*o - 24. Determine i(o).
4
Let d = -302 - -308. Let w(v) = -v**3 + 5*v**2 + 9*v - 5. Give w(d).
13
Let q be 2/7 - (-54)/7. Let o(z) be the first derivative of z**2 + 8*z - 2*z + 7 - q*z + 5*z. Calculate o(5).
13
Let m(a) = 3*a**2 - 28*a - 22. Suppose 0 = 12*t - 8*t - 40. Let u be m(t). Let z(l) = 2*l**3 + 3*l**2 + 2*l + 3. What is z(u)?
-5
Let l(p) = p**2 - 6*p - 6. Suppose 12 = o + 2*z, -4*o - 2*z + 33 = 3*z. Let j(r) = -5*r**2 + 30*r + 30. Let k(u) = o*j(u) + 11*l(u). What is k(7)?
1
Let i(b) = -b**3 - 6*b**2 + 8*b - 4. Let p(x) = -2*x - 14. Let g be p(-8). Suppose g*o = 3*q - 0*q - 11, -q + 20 = -3*o. Give i(o).
-11
Let d be 0 + (-186)/24 + (-3)/(-4). Let y(c) = 2*c**3 + 2*c**2 - c - 4. Let i(u) = 5*u**3 + 3*u**2 - u - 9. Let v(r) = d*y(r) + 3*i(r). What is v(3)?
-5
Let s = -10 + 12. Let t be s/4 - 21/(-14). Let m(j) = -2*j - 9. Let y(z) = z + 5. Let p(x) = 6*m(x) + 11*y(x). Give p(t).
-1
Let m(a) = -a**3 - 7*a**2 - 6*a + 2. Let b be m(-6). Let v(f) = -19 - 16 + f**2 - b*f + 38 - 3*f**2. Determine v(2).
-9
Let o(j) = 11*j - 6. Let s(q) = 16*q - 9. Let l be ((-38)/(-4) - -1)*38/(-57). Let v(f) = l*o(f) + 5*s(f). Calculate v(-3).
-12
Let y be (-13)/(-3) + 4/6. Let b(q) = -q**2 - q. Let m be (-3)/4 + 68/(-16) - 0. Let x(h) = 6*h**2. Let n(f) = m*b(f) - x(f). Give n(y).
0
Let m(g) = -g**2 + 2*g + 4. Let h = 9 - 11. Let a be -2 - (-4 - -16)/h. Suppose 6*d - 8 = a*d. Give m(d).
-4
Let t be (1*(-24)/20)/(6/40). Let y(q) = -q**2 - 6*q + 10. Let k be y(t). Let u(i) = i - 4. Give u(k).
-10
Let p be 6*(-6 + (4 - (-25)/10)). Let a(w) be the second derivative of w - 1/4*w**4 + 3*w**2 + 0 + 1/20*w**5 - 7/6*w**p. Calculate a(4).
-6
Let i(k) = 5 + 18*k**2 + 11*k**2 - 45*k**2 + 17*k**2. Suppose -4*f + 8 = 8*d - 3*d, 0 = 2*d + 3*f - 6. Give i(d).
5
Let n(w) be the second derivative of w**5/20 + 5*w**4/6 + w**3/6 + 8*w**2 + 2*w + 34. Determine n(-10).
6
Let n(g) = g**2 + 12*g - 10. Let c be n(-13). Suppose 0 = -q + c*q - 12. Let j(p) = p - 2. Calculate j(q).
4
Let n(y) be the first derivative of y**4/4 - 2*y**3 - 7*y**2/2 - 2*y - 8. Let h be ((-20)/(-11))/(-10) - (-79)/11. Calculate n(h).
-2
Let k(i) = -i**3 - 2*i**2 + 2*i + 4. Suppose -4*u + 9*b + 13 = 4*b, -4*b = u + 2. Suppose -o = -u*o - 3. What is k(o)?
7
Let i(l) = -37*l + 598. Let h be i(16). Let r(c) = -c + 3. Determine r(h).
-3
Let x(i) = -i**3 - 6*i**2 - 3*i - 8. Let s be x(-6). Suppose r = u - 5*u + 13, 3*u + r - s = 0. Let k(j) = -j + 3 - 1 + u. Calculate k(-4).
9
Let b be (-60)/(-36)*12/10. Let q(h) = 1 + 8*h**3 - 7*h**3 - 4*h**2 + 4*h**b + h. What is q(-1)?
-1
Let h(l) = 29 - 11 - l - 25. Calculate h(5).
-12
Let i(t) = t**3 + 12*t**2 + 10*t - 4. Suppose -13 = 9*j + 86. Determine i(j).
7
Let j(i) be the third derivative of 0 + 1/60*i**5 - 1/8*i**4 + 1/6*i**3 - 8*i**2 + 0*i. Suppose 19 - 13 = 2*x. Calculate j(x).
1
Let y(c) = 4*c**2 + 3*c - 3. Let a(j) = 4*j**2 + 25*j + 3. Let g be a(-6). What is y(g)?
24
Let t(x) be the second derivative of -x**5/20 + x**4/3 - 2*x**3/3 + 3*x**2 + 185*x. Determine t(5).
-39
Let m(n) = n**3 + 11*n**2 + n + 8. Suppose -4*i - 17 = -k + 23, 4*i + 24 = 5*k. Give m(i).
-3
Suppose -23*k - 31 = -2*t - 28*k, 0 = 3*t - 4*k + 11. Let n(h) be the second derivative of -t*h + 0*h**2 - 1/6*h**3 - 3/20*h**5 + 0*h**4 + 0. Give n(1).
-4
Let k(f) = f - 9. Let w be k(10). Let q(d) be the second derivative of -10*d**3/3 + d**2/2 - d. What is q(w)?
-19
Suppose 2*n = 5*a + n - 85, 0 = 5*a + 5*n - 55. Suppose v - 5*h + 2 - a = 0, 2*v + 3*h = -11. Let j(p) = 9*p**2 + p. Calculate j(v).
8
Suppose 0 = -16*h + 101 - 5. Let u(i) = i**3 - 4*i**2 - 6*i - 4. Calculate u(h).
32
Let m(s) = -8*s - 1. Let w(t) = 3*t**3 - 26*t**2 - 10*t + 7. Let n be w(9). Give m(n).
15
Let r be 3/6 + (-3)/(-2). Let s(x) = -240*x. Let g(n) = 15*n. Let f(c) = r*s(c) + 33*g(c). What is f(1)?
15